What are the prime factors of u?
2, 5, 73
Suppose -80 = -4*v + 5*p, 2 = 5*v + 3*p - 98. Suppose -v*w + 4640 = -4*w. List the prime factors of w.
2, 5, 29
Let u(y) = 11442*y**2 - 29*y + 53. What are the prime factors of u(2)?
45763
Suppose 4*x - 2*u - 47452 = 41410, 0 = -5*x - 4*u + 111136. List the prime factors of x.
2, 5, 11, 101
Let i be 18438/11 - (-4)/(-22). What are the prime factors of i - (-11 - (-8 - 0))?
23, 73
Let z(a) = -a**3 - 8*a**2 + 7*a + 9. Suppose -h = -0*h + 8. Let y be z(h). What are the prime factors of 4/10*(-2 - y)?
2, 3
Let n(w) = 36 - 29 - 6*w + 15 - 17*w. What are the prime factors of n(-9)?
229
Let t be 30/4*63/(-70)*-248. What are the prime factors of 1257298/t + (-4)/54?
751
Let d(n) = -n**3 + 39*n**2 + 62*n + 284. List the prime factors of d(35).
2, 3677
Suppose -3*t - 21572 = -5*t - 4*u, -t + 2*u = -10802. What are the prime factors of t?
2, 3, 7, 257
Let l = 57 - 8. Let b be 252/(-189)*3/(-20)*(1 + -6). What are the prime factors of -1 + 4 + l - b?
53
Let j = 1503 - 4293. Let c be j/(-22) - (-8)/44. Suppose 0 = 2*x - 77 - c. List the prime factors of x.
2, 3, 17
Let f = 16768 + -11135. List the prime factors of f.
43, 131
Let s = -50157 - -84252. List the prime factors of s.
3, 5, 2273
Suppose 0 = 3*a + 4 + 2. Suppose 31 + 1087 = 7*l - 751. What are the prime factors of l + (-1 - (a - 1))?
269
Let f(o) = -9*o - 57. Let k be f(-13). Let h = k - 64. What are the prime factors of -1*2/8 - 321/h?
2, 5
Suppose 2*w = -4*k + 22, 7*w = 3*w + 5*k + 57. Suppose -16*z + w*z + 3*c = -324, 0 = 3*c + 6. List the prime factors of z.
2, 53
Let p(k) = -107*k + 463. List the prime factors of p(-7).
2, 3, 101
Suppose -2*y = 5*t - 1 - 5, 4*y - 5*t = 12. List the prime factors of (-5 - (2 - y)) + 234 + -1.
229
Let s = 1660 - -182. What are the prime factors of (16/(-40) - 0) + s/5?
2, 23
Suppose y + 3*k = 12528, 0 = 374*y - 372*y - 5*k - 25122. What are the prime factors of y?
2, 3, 17, 41
Let o(n) = 14*n**2 + 18*n - 23. Let x be o(11). Suppose -x - 1765 = -23*h. List the prime factors of h.
2, 79
Let o be (-3 - -2)/((-1)/(-1 - -164)). Suppose 4*m = -4*w + 272, 3*w - 350 = 5*m - 10*m. Let c = o - m. List the prime factors of c.
2, 3, 5
Let i(j) = 211*j**2 + 257*j + 8. List the prime factors of i(-6).
2, 7, 433
Suppose 2*c - 3*z = 17438, -26 = z - 26. What are the prime factors of c?
8719
Let t = -80060 + 147368. What are the prime factors of t?
2, 3, 71, 79
Suppose 56*a - 803120 = 16*a. What are the prime factors of a?
2, 10039
Let y be (10 - (6 - -32))/(4/(-2)). Suppose 9469 = y*m - 3663. List the prime factors of m.
2, 7, 67
Let w be (4 + 0 + -3)/((-8)/(-4208)). Suppose 153 + w = v. List the prime factors of v.
7, 97
Suppose 0 = -2*v - 4*c - 4, 6 = 3*v - 3*c - 6. What are the prime factors of 9/(v + -1) + -5?
2
Let m = -592 - -987. What are the prime factors of (0 - -1)*(-2 + m)?
3, 131
Suppose -91 = d - 337. Suppose -13*p + 11*p = -d. What are the prime factors of p?
3, 41
Suppose 5*i = 5*d - 1890, 14*d + 5*i - 1870 = 9*d. Let u = 69 + d. What are the prime factors of u?
5, 89
Let q(t) = 7*t - 25. Let s be q(11). Let u = s - 55. Let p(w) = w**2 - 3. What are the prime factors of p(u)?
2, 3
Suppose -80*s + 45785 = -904135. List the prime factors of s.
2, 3, 1979
Let q(z) = 11*z**2 - 2*z + 10. Let w be q(4). Let v = 426 - w. Suppose -v = -4*a - 2*m, -m + 0 + 2 = 0. What are the prime factors of a?
61
Let p(d) = -9 + 15 + 11 + 0 - 8*d + d**3 + 8*d**2. Let u be p(-10). Let c = u + 246. List the prime factors of c.
11, 13
List the prime factors of 4/6 + 105553/21 + 17.
2, 13, 97
Let h = 509 - 441. What are the prime factors of 42356/h - ((-490)/119 - -4)?
7, 89
Let p = -9418 + 15963. List the prime factors of p.
5, 7, 11, 17
Let z = -226 + 243. Suppose z*b + 45405 = 62*b. List the prime factors of b.
1009
Let p(v) = 81*v + 936. List the prime factors of p(24).
2, 3, 5
Let z = -612 + 1144. Let y = 3173 - 2859. Let h = z - y. List the prime factors of h.
2, 109
Suppose 1 - 13 = -4*t. Let p = 4553 + -4534. Suppose -2*s + t*r + 103 = -p, 3*r + 238 = 4*s. What are the prime factors of s?
2, 29
Let w(r) be the third derivative of 55*r**4/6 - r**3/3 - 10*r**2. Let m be w(2). Suppose 3*i - 546 = -2*z, 4*i - z - 301 = m. What are the prime factors of i?
2, 23
What are the prime factors of 1/3*122689*138/161?
2, 17, 1031
Let g = 63 - 66. Let d be (-2*(-1)/g)/(3/(-9)). Suppose -12 = -4*r, d*w + 4*r - 288 = -2*w. What are the prime factors of w?
3, 23
Suppose 0 = -10*n - 5650 + 6930. List the prime factors of n.
2
Suppose -8*g = -28468 - 29012. What are the prime factors of g?
3, 5, 479
Let g be 0 - 24/30 - (-76)/20. What are the prime factors of 2984*((-6)/g)/(-16)?
373
Suppose -6*x - 3 = -15. List the prime factors of (-45)/30 + 729/x.
3, 11
Let t = 4399 + 791. What are the prime factors of t?
2, 3, 5, 173
Let v(w) = 8*w + 28. Let g be v(-3). What are the prime factors of g/1 + (-13 - -295)?
2, 11, 13
Suppose -10 = -2*t + 4. Suppose -t*u = -4*u + 135. List the prime factors of (u/(-2))/((114/(-36))/(-19)).
3, 5
Let p be (-3 - -1 - -28) + 0. Let k(f) = 55 - p*f - 32 - 30. What are the prime factors of k(-4)?
97
Let l = -339 - -369. Suppose l*b - 1350 = 330. What are the prime factors of b?
2, 7
Suppose 2*j + 3 = 15. Suppose -s = -4*v - 2, -5*v = s - j - 5. What are the prime factors of (1*s)/(-2*(-4)/8)?
2, 3
Suppose 17*o - 80320 = 148330. What are the prime factors of o?
2, 5, 269
List the prime factors of 30619*1 - (-132)/(-96)*-8.
2, 3, 5, 1021
Suppose -3*l + 5*f - 119 = 0, -2*l + 3*f = 2*l + 155. Let k = -41 - l. Let n(r) = -56*r - 29. List the prime factors of n(k).
139
Let u = 10643 + -4662. List the prime factors of u.
5981
Let j(q) be the second derivative of 13*q - 50/3*q**3 + 4*q**2 + 0. List the prime factors of j(-2).
2, 13
Let c(w) = -w**3 - w**2 - w - 3. Let o be c(-2). Let i be 3 + 1 - o - 0. List the prime factors of (27/i)/((-12)/(-8)).
2, 3
Let n(m) = -m**2 + 15*m + 19. Let f be n(16). Let h(g) = 39*g**2 + 4*g + 1. Let x be h(f). Let q = -110 + x. What are the prime factors of q?
2, 127
Let k(v) = 3*v**2 - 5*v - 7. Let u be k(3). Suppose -9*z + 6*z = 2*x, 3*z - 42 = u*x. List the prime factors of ((-57)/x)/((-4)/(-8)).
19
Let o = 28984 + -10630. List the prime factors of o.
2, 3, 7, 19, 23
Let y = 4464 - -12751. List the prime factors of y.
5, 11, 313
Let h(a) = 2*a + 17. Let s be (-4)/(-6) - 759/99. List the prime factors of h(s).
3
Suppose -4*f - 27214 = -2*a, 3*a - f = -6*f + 40799. List the prime factors of a.
61, 223
Let w = 28 + -23. What are the prime factors of 4 - 5/(w/(-347)) - 3?
2, 3, 29
Let g be (-289)/17*(1 - 5). Let r = g - -382. List the prime factors of r.
2, 3, 5
Suppose 0 = 27*r - 25*r. Suppose -5*v + r*v + 831 = -2*d, -4*d + 648 = 4*v. What are the prime factors of v?
3, 5, 11
Let f(h) = 51*h - 14. Suppose 0 = 3*k - 41 + 23. List the prime factors of f(k).
2, 73
Let z be (105/10)/(1*(-4)/32). Let q = z + 84. Suppose 15 = -v - 5*h + 5, q = -2*h - 6. What are the prime factors of v?
5
Let z(g) = -35*g + 473. Let u be z(0). Let c = 491 - u. List the prime factors of c.
2, 3
Let t(u) = 14*u + 40. Let z be t(-2). Suppose -576 = -z*r + 1884. List the prime factors of r.
5, 41
Let t = -101 - -56. Let q = -40 - t. What are the prime factors of -55*(10/25)/((-1)/q)?
2, 5, 11
Suppose 5*f = -3*m + 2*f + 924, 0 = 5*f - 5. What are the prime factors of (-24)/8*m/(-3)?
307
Let z(n) = -n - 16. Let d(m) = -1. Let s(v) = -5*d(v) + z(v). Let c be s(-5). What are the prime factors of (-423)/c*12/9?
2, 47
Let a(f) = 34*f + 110. Suppose 39*i + 27 = 40*i. List the prime factors of a(i).
2, 257
Suppose -7881 = -r + l, 0*l + 15713 = 2*r + 5*l. List the prime factors of r.
2, 31, 127
Let r be (-6)/21 + 172/14. Suppose -4*k = r - 108. Suppose 28*d - 424 = k*d. List the prime factors of d.
2, 53
Suppose -4*m + 97381 = 3*x, -5*x = -8*m + 5*m - 162234. List the prime factors of x.
3, 29, 373
Let n = 22368 - 9118. List the prime factors of n.
2, 5, 53
Suppose 2*z = -2*i + 42168, -189*i + 187*i = 5*z - 105432. What are the prime factors of z?
2, 659
Let h(t) = t**2 + 2*t + 2. Suppose -2*x + 131 = -5*j, 5*j - x + 6*x = -110. Let m = j - -28. What are the prime factors of h(m)?
17
Let p be ((-25)/12 + 9/(-36))*-822. Suppose -1431 = -13